72 is divided by 170.
162
Calculate the remainder when 1060 is divided by 59.
57
Calculate the remainder when 829 is divided by 167.
161
What is the remainder when 5010 is divided by 9?
6
Calculate the remainder when 9909 is divided by 15.
9
What is the remainder when 38 is divided by 21?
17
Calculate the remainder when 536 is divided by 45.
41
Calculate the remainder when 302 is divided by 38.
36
Calculate the remainder when 141 is divided by 2.
1
Calculate the remainder when 35 is divided by 6.
5
What is the remainder when 229 is divided by 69?
22
What is the remainder when 213 is divided by 43?
41
What is the remainder when 1711 is divided by 26?
21
Calculate the remainder when 1304 is divided by 5.
4
Calculate the remainder when 734 is divided by 242.
8
Calculate the remainder when 1558 is divided by 24.
22
Calculate the remainder when 410 is divided by 9.
5
What is the remainder when 510 is divided by 40?
30
Calculate the remainder when 3924 is divided by 33.
30
Calculate the remainder when 564 is divided by 34.
20
What is the remainder when 300 is divided by 295?
5
What is the remainder when 205 is divided by 86?
33
Calculate the remainder when 2558 is divided by 181.
24
What is the remainder when 8125 is divided by 64?
61
What is the remainder when 5388 is divided by 17?
16
What is the remainder when 377 is divided by 183?
11
Calculate the remainder when 1745 is divided by 21.
2
What is the remainder when 1130 is divided by 66?
8
Calculate the remainder when 91 is divided by 36.
19
What is the remainder when 1022 is divided by 264?
230
Calculate the remainder when 386 is divided by 210.
176
What is the remainder when 17097 is divided by 114?
111
Calculate the remainder when 3930 is divided by 19.
16
Calculate the remainder when 245 is divided by 66.
47
What is the remainder when 519 is divided by 15?
9
What is the remainder when 1233 is divided by 21?
15
Calculate the remainder when 454 is divided by 235.
219
Calculate the remainder when 4178 is divided by 85.
13
What is the remainder when 524 is divided by 87?
2
What is the remainder when 196 is divided by 113?
83
What is the remainder when 237 is divided by 47?
2
What is the remainder when 88 is divided by 48?
40
What is the remainder when 422 is divided by 408?
14
What is the remainder when 754 is divided by 124?
10
What is the remainder when 7892 is divided by 47?
43
What is the remainder when 29 is divided by 17?
12
What is the remainder when 202 is divided by 5?
2
Calculate the remainder when 1763 is divided by 340.
63
What is the remainder when 2249 is divided by 82?
35
Calculate the remainder when 79 is divided by 40.
39
Calculate the remainder when 985 is divided by 251.
232
What is the remainder when 56 is divided by 17?
5
Calculate the remainder when 134 is divided by 70.
64
What is the remainder when 3450 is divided by 12?
6
Calculate the remainder when 8276 is divided by 23.
19
What is the remainder when 10095 is divided by 33?
30
What is the remainder when 537 is divided by 15?
12
Calculate the remainder when 853 is divided by 849.
4
Calculate the remainder when 1035 is divided by 130.
125
Calculate the remainder when 94 is divided by 26.
16
Calculate the remainder when 6071 is divided by 46.
45
What is the remainder when 295 is divided by 11?
9
Calculate the remainder when 127 is divided by 65.
62
Calculate the remainder when 4242 is divided by 15.
12
What is the remainder when 1241 is divided by 6?
5
Calculate the remainder when 3 is divided by 1.
0
What is the remainder when 249 is divided by 53?
37
Calculate the remainder when 10943 is divided by 19.
18
Calculate the remainder when 492 is divided by 90.
42
What is the remainder when 1700 is divided by 18?
8
What is the remainder when 226 is divided by 33?
28
What is the remainder when 847 is divided by 373?
101
What is the remainder when 505 is divided by 13?
11
What is the remainder when 114 is divided by 7?
2
What is the remainder when 336 is divided by 20?
16
What is the remainder when 1252 is divided by 312?
4
Calculate the remainder when 25449 is divided by 63.
60
Calculate the remainder when 76 is divided by 31.
14
Calculate the remainder when 335 is divided by 23.
13
Calculate the remainder when 152 is divided by 7.
5
Calculate the remainder when 1295 is divided by 56.
7
Calculate the remainder when 1801 is divided by 11.
8
What is the remainder when 14732 is divided by 9?
8
Calculate the remainder when 881 is divided by 15.
11
Calculate the remainder when 1084 is divided by 194.
114
What is the remainder when 417 is divided by 94?
41
What is the remainder when 252 is divided by 124?
4
Calculate the remainder when 44504 is divided by 23.
22
Calculate the remainder when 2914 is divided by 146.
140
Calculate the remainder when 321 is divided by 81.
78
What is the remainder when 1244 is divided by 53?
25
Calculate the remainder when 10771 is divided by 21.
19
Calculate the remainder when 1676 is divided by 499.
179
What is the remainder when 6586 is divided by 822?
10
What is the remainder when 702 is divided by 101?
96
Calculate the remainder when 723 is divided by 82.
67
What is the remainder when 8938 is divided by 331?
1
Calculate the remainder when 586 is divided by 19.
16
What is the remainder when 106 is divided by 18?
16
Calculate the remainder when 84 is divided by 35.
14
What is the remainder when 4274 is divided by 55?
39
What is the remainder when 537 is divided by 77?
75
What is the remainder when 148 is divided by 25?
23
What is the remainder when 14431 is divided by 44?
43
What is the remainder when 157 is divided by 56?
45
Calculate the remainder when 120 is divided by 39.
3
Calculate the remainder when 35489 is divided by 273.
272
Calculate the remainder when 1661 is divided by 12.
5
What is the remainder when 758 is divided by 353?
52
What is the remainder when 997 is divided by 23?
8
What is the remainder when 1328 is divided by 428?
44
What is the remainder when 89 is divided by 9?
8
Calculate the remainder when 108 is divided by 98.
10
Calculate the remainder when 255 is divided by 8.
7
Calculate the remainder when 54 is divided by 32.
22
Calculate the remainder when 65 is divided by 57.
8
What is the remainder when 215 is divided by 81?
53
Calculate the remainder when 572 is divided by 16.
12
What is the remainder when 564 is divided by 21?
18
What is the remainder when 263 is divided by 24?
23
Calculate the remainder when 1602 is divided by 107.
104
Calculate the remainder when 283 is divided by 2.
1
What is the remainder when 206 is divided by 55?
41
Calculate the remainder when 34 is divided by 2.
0
Calculate the remainder when 1983 is divided by 71.
66
What is the remainder when 26 is divided by 9?
8
What is the remainder when 130 is divided by 38?
16
Calculate the remainder when 3316 is divided by 14.
12
Calculate the remainder when 41 is divided by 3.
2
Calculate the remainder when 3766 is divided by 3750.
16
What is the remainder when 2489 is divided by 825?
14
Calculate the remainder when 17553 is divided by 209.
206
Calculate the remainder when 818 is divided by 117.
116
What is the remainder when 156 is divided by 85?
71
Calculate the remainder when 493 is divided by 45.
43
What is the remainder when 789 is divided by 386?
17
Calculate the remainder when 139 is divided by 14.
13
What is the remainder when 12717 is divided by 120?
117
Calculate the remainder when 663 is divided by 19.
17
What is the remainder when 14551 is divided by 9?
7
Calculate the remainder when 1001 is divided by 15.
11
Calculate the remainder when 62 is divided by 2.
0
Calculate the remainder when 496 is divided by 88.
56
Calculate the remainder when 587 is divided by 116.
7
Calculate the remainder when 169 is divided by 32.
9
What is the remainder when 307 is divided by 44?
43
Calculate the remainder when 225 is divided by 115.
110
What is the remainder when 1242 is divided by 1214?
28
Calculate the remainder when 2427 is divided by 19.
14
What is the remainder when 523 is divided by 108?
91
What is the remainder when 482 is divided by 56?
34
What is the remainder when 1068 is divided by 10?
8
Calculate the remainder when 226 is divided by 10.
6
What is the remainder when 70 is divided by 15?
10
What is t